 - 3*s - 21, -5*s = -y + 2*y + w. Calculate the remainder when n(-5) is divided by y.
11
Let j = 10 + -6. Suppose j*y = 13 + 7. Let u(i) = i**2 - 4*i + 4. Calculate the remainder when u(y) is divided by 5.
4
Let k(w) = 4*w**2 - w. Calculate the remainder when 24 is divided by k(2).
10
Let h = 6 - 4. Let b be 9/(-3 + 0 + 2). Let i(r) = -r - 7. What is the remainder when h is divided by i(b)?
0
Let q(t) = 5*t - 8. Calculate the remainder when (-4)/14 + 606/14 is divided by q(6).
21
Let t be (-40 + 5)*4/(-10). Let r(z) = z + 3. Let d be r(0). Suppose -d*p + 13 = -t. What is the remainder when 26 is divided by p?
8
Let n be (-321)/21 + (-8)/(-28). Calculate the remainder when (-2)/5 - 366/n is divided by 13.
11
Let m(y) = y**2 + 8*y - 4. What is the remainder when 18 is divided by m(-9)?
3
Suppose 3*a - 15 = 3*k, 3*k + 25 = 7*a - 2*a. Suppose 22 = -k*j + 5*j - 3*v, -3*j + 18 = 3*v. What is the remainder when (3 - -1) + -5 + 18 is divided by j?
2
Suppose 3*h - t = -2, -4*t - 10 = -4*h + h. Let q(w) = -7*w. Let s = 51 - 11. What is the remainder when s is divided by q(h)?
12
Suppose 0*z - 3 = -3*z, -5*c - z + 136 = 0. What is the remainder when c is divided by 6?
3
Let o = -2 + 24. Calculate the remainder when o is divided by 12.
10
Suppose 7*q - n - 51 = 2*q, 0 = n + 1. What is the remainder when q is divided by 6?
4
Suppose -3*i = -4*i + 10. Let b(j) = 2*j + 6. Calculate the remainder when b(6) is divided by i.
8
Suppose 0 = -p - 0 + 39. What is the remainder when 153 is divided by p?
36
Suppose 0 = 2*v - 3 - 3. Let i(g) = g**3 - 2*g**2 + 3*g. What is the remainder when 52 is divided by i(v)?
16
Let h(k) = -6 + 7*k - 2 - k + 4 - k**2. Let o be h(4). Calculate the remainder when 20 is divided by o/(-6) + 70/6.
9
Suppose g + 0*g - 4 = 0. What is the remainder when 7 is divided by g?
3
Suppose 4*u = u + 15. Suppose 0 = -3*a - 4*r + 28, -4*a = -5*a + u*r + 41. Let h = -6 + a. What is the remainder when 18 is divided by h?
8
Let g = 40 + -14. Let z = g - 15. Suppose 2*p = -2*a + 38, -3*p + a + 73 = 16. What is the remainder when p is divided by z?
8
Let v(l) = -l**3 + 6*l + 6. Suppose 5*a - 44 = -y, 3*y + 3*a = -y + 176. Calculate the remainder when y is divided by v(-3).
14
Let h be (-4)/(-16) + (-294)/(-8). Let f = -17 + h. Suppose -4*r + 36 = -f. What is the remainder when 40 is divided by r?
12
Let j be (-2)/(-1)*4/4. Suppose 0*d = -j*d + 6. What is the remainder when 9 is divided by d?
0
Let w = -142 + 173. What is the remainder when 104 is divided by w?
11
Suppose i - 14 = 3*t, 10 = -i - 2*i - 4*t. What is the remainder when 11 is divided by i?
1
Suppose 0 = 2*v - 3 - 9. Let h(b) = b**2 + 4*b + 1. Let t be h(-4). Suppose 25 = 3*p - 2*w, 3*w + 11 = 2*p + t. Calculate the remainder when p is divided by v.
5
Let x = 0 - -2. Suppose a - 50 = -2*a + 2*o, x*a + o - 31 = 0. Calculate the remainder when 61 is divided by a.
13
Suppose -z - 25 = -6*z + 5*x, z + 10 = -4*x. Let c(l) = 5*l**2 - 4*l + 3. What is the remainder when (-4)/(-5)*525/10 is divided by c(z)?
12
Let f(x) = 2*x - 1. Let r(z) = 2*z**3 - 9*z**2 - z + 8. Let c be r(6). Let w = -72 + c. Calculate the remainder when w is divided by f(7).
12
Let f = 46 + -26. Suppose -2*w - 42 = -2*t + 2*w, 2*t = 3*w + 37. Calculate the remainder when f is divided by t.
9
Suppose 0 = -3*y - 5*i + 99, 5*i - 36 = -y + 7. Calculate the remainder when 12 is divided by (-6)/4*y/(-6).
5
Let k = 55 - 29. Let r be (-2)/4*-2 - (-16 - -14). Calculate the remainder when 50 is divided by (k/(-3))/((-2)/r).
11
Suppose -2*j = 5*c - 50, j + 2*c = -3*j + 68. Calculate the remainder when j is divided by 8.
7
Let s(z) = -15*z - 5. Calculate the remainder when s(-1) is divided by (-8)/20 + (-22)/(-5).
2
Suppose 0*o - l - 6 = -3*o, 0 = 2*o - l - 4. Suppose -o*t + 24 = t. Let f(d) = d**2 + 6*d - 3. What is the remainder when f(-8) is divided by t?
5
Let l = 74 + -33. What is the remainder when 73 is divided by l?
32
Suppose 4*r - 3 - 1 = 0. Let d(y) = y + 1. Calculate the remainder when r is divided by d(0).
0
Let f = 3 - 3. Let w(s) = 14*s + 0*s + f - 2*s + 1. Calculate the remainder when w(1) is divided by 7.
6
Suppose -4*o - 2*l + 132 = 0, -3*o + 5*o + 3*l - 70 = 0. Suppose -9*m = -11*m + o. What is the remainder when m is divided by 9?
7
Let k(q) = q**3 + 6*q**2 + 4*q - 4. Calculate the remainder when -47*3*4/(-12) is divided by k(-4).
11
Let l = -75 + 111. Suppose 0 = 5*d - l - 39. Calculate the remainder when 27 is divided by d.
12
Let p(t) = 2*t - 13. Let f be p(9). Suppose f*k - 14 - 11 = 0. What is the remainder when k is divided by 4?
1
Let z(h) = 4*h + 0 + 0*h - 3. Let f(r) = r - 3. What is the remainder when z(2) is divided by f(7)?
1
Let i be (2/(-4))/((-1)/88). Let q = i + -30. Calculate the remainder when 40 is divided by q.
12
Suppose 2*k - 3*f = -f - 8, 4*f = 2*k + 14. Let y = k + 7. What is the remainder when y is divided by 4?
2
Let m(v) = -v**3 - 4*v**2 - 2*v + 4. What is the remainder when 1 - 1*-10*2 is divided by m(-4)?
9
Let z(r) = -5*r + 35. Calculate the remainder when 8 is divided by z(6).
3
Let h(p) = -p**3 - 8*p**2 + 9*p. Let k be h(-9). Let v(d) = k*d**2 - 1 - d**3 - d + 0*d**2 + d**2 + 0*d**2. What is the remainder when 2 is divided by v(-1)?
0
Let o = -48 - -61. What is the remainder when 37 is divided by o?
11
Let m(r) = r + 15. Suppose -5 = -2*j + 17. What is the remainder when j is divided by m(-11)?
3
Let g be 9/3 + 3 - -3. Let y = g + -1. Calculate the remainder when 36 is divided by (5 + y)*(2 + -1).
10
Let w(r) be the second derivative of -r**4/12 + 5*r**3/3 + 3*r**2 - 8*r. What is the remainder when 21 is divided by w(10)?
3
Suppose 21 = 3*k - 0*k. Calculate the remainder when k is divided by 2.
1
Let u = 85 + -84. Let d = -1 - -2. Calculate the remainder when d is divided by u.
0
Let g(c) = c**3 + 5*c**2 - 6*c + 3. Let x be 8/(-2)*9/6. Suppose 4*w - 11 = b, 12 = 4*b - 4*w - 4. Calculate the remainder when b is divided by g(x).
0
Suppose -80 = 3*k - 11*k. What is the remainder when 34 is divided by k?
4
Let a(l) = -6*l - 2. What is the remainder when 46 is divided by a(-3)?
14
Suppose -2*b = -b. Suppose b = -3*z + 275 + 91. Calculate the remainder when z is divided by 31.
29
Let y = -103 + 191. What is the remainder when y is divided by 15?
13
What is the remainder when 40 is divided by (-14)/(-5)*(10 - (0 - -5))?
12
Let z = 1 + 3. Suppose s = 5, -2*s - 70 = -4*b - z*s. Let j = -2 + 6. Calculate the remainder when b is divided by j.
3
Let f = 61 + -22. What is the remainder when 154 is divided by f?
37
Suppose -6*h + 4*h + 2*d = -22, 3*d = h - 17. Let w(n) = n**2 + n - 3 + 3 + 5 - 2*n. What is the remainder when h is divided by w(0)?
3
Suppose -31 - 21 = 4*p. Suppose 7*r = 4*r + 27. Calculate the remainder when 8/(-7 - -3)*p is divided by r.
8
Let p = 46 + -14. What is the remainder when 93 is divided by p?
29
Let p = 14 - 0. Let i be (-2)/6 + 96/18. Suppose i*f - 77 = 58. Calculate the remainder when f is divided by p.
13
Let c = 27 + -16. Let j = -6 - -7. Let g = 5 - j. What is the remainder when c is divided by g?
3
Let n(p) = -p - 9. What is the remainder when 11 is divided by n(-12)?
2
Suppose 5*k - 3*i - 116 = 0, -3*i + 4*i = -2. Calculate the remainder when k is divided by 12.
10
Let i = -1 + 3. Let n = 19 - i. Suppose j + 2 = -3*g - 3*j, 0 = g - 4*j - 26. Calculate the remainder when n is divided by g.
5
Suppose -2*z = -i + 19, 0 = -4*i - 3*z + 57 + 30. Suppose -3*c + 201 - 18 = 0. What is the remainder when c is divided by i?
19
Suppose 2*h - 76 = -3*q, -q + h + 22 = -0*q. Suppose q = 3*k - 42. Calculate the remainder when k is divided by 8.
6
Let u be 410/(-15)*18/(-4). Let h = -33 - -48. What is the remainder when u/3 + (-3)/(-1) is divided by h?
14
Suppose -t + 31 = -20. Calculate the remainder when t is divided by 13.
12
Suppose 2*r + d + 26 = 0, 0 = -4*r + d + 4*d - 38. What is the remainder when 7 is divided by (-38)/r - 1/6?
1
Let g(n) = 18*n - 8. Calculate the remainder when g(6) is divided by -51*(-4 - 60/(-18)).
32
Let k = -16 - -22. Let d be (3/2)/(k/20). Suppose 0 = -2*u + 4*a + 60, 0*u - 5*a - 160 = -d*u. Calculate the remainder when u is divided by 12.
10
Let k(o) = o**3 + 8*o**2. Let y be k(-8). Let d(v) = v**3 - v + 8. Let g be d(y). Suppose 0 = w + 1 - g. Calc